 -2 - -37 - (-333 - -336 - (7 + -2)).
37
4 - ((-6 - 6) + 9 + 24) - 28
-45
What is the value of -2 + -77 + 154 + -20?
55
What is the value of -39 - (11 + -1 + -477 + 485)?
-57
(30 + 6 - 5) + (-1 - (-20 + 17))
33
What is the value of (89 + -205 - -108) + (16 - (0 - 1))?
9
What is 4 - (-25 + (-1 - -7)) - (7 - (-7 + 7))?
16
Calculate (25 - -15) + -21 + -6 + -38.
-25
What is the value of -40 + 17 + 2 - 79 - (-18 - -15)?
-97
Evaluate -41 - (-27 - (5 + -34)).
-43
What is the value of (-57 - -42 - 56) + 53?
-18
Evaluate (-154 - -96) + 20 + 2 + -7.
-43
What is -54 + -24 + (9 - (17 + 3))?
-89
Evaluate -87 + (-1 - -26) - -41.
-21
Evaluate -9 - (-29 - 7 - (3 - 12 - -19)).
37
-22 - (-85 + -35 + (27 - -22))
49
-1 + -7 - (129 - (27 - -70))
-40
What is the value of -21 + (-3 + 35 - (11 - 12)) + (-85 - 2)?
-75
9 + 16 + -34 + (-1 - -18) - 25
-17
What is the value of -9 + (-13 - -2 - -15) + 5 - -30?
30
-34 + (-3 - -4) + (-147 - (61 - 219))
-22
-2 + (-2 - 33) - (88 - (83 + -4))
-46
Evaluate ((17 - 12) + -19 - -35) + -65.
-44
What is -72 - -3 - (69 + -57 + (-1 - 15))?
-65
What is (12 - 0) + -1 + (-2003 - -1933) + (18 - 0)?
-41
(77 - -26 - 130) + (1 - 30)
-56
What is 2 + 27 - 8 - (-109 + 114)?
16
6640 + -6588 - (89 - 1)
-36
Calculate 11 + (-1 - 4 - -2) + (-8 + -8 - -12).
4
What is the value of 2 + -8 - -8 - (-2 - -3 - (-40 - -4))?
-35
What is 85 - (97 - 68) - (-1 + -1 + 3)?
55
What is the value of 4 + (-9 + (-2 - 0) - (25 - 52)) + 4?
24
5 + (16 - -1) + -1 - (-37 - -46)
12
What is the value of (-4 + 10 - -33) + -37?
2
What is the value of (-91 - 85) + -5 + 38 - -35?
-108
What is the value of -645 + 673 + (2 - (-4 + 1))?
33
What is the value of -33 + (-36 - 2) + 12?
-59
What is -4 - (-2 + 22 + 1 - (43 - 30))?
-12
(7 + -2 - (1 + 28 + -17 + -12)) + -124
-119
(29 - 36) + ((9 - (6 - -4)) + 7 - 2)
-3
Calculate -47 + 230 + -72 + -35.
76
What is the value of 0 + 9 - 6 - -16 - 11?
8
What is the value of -14 - (13 + (6 + -5 - 13 - 12))?
-3
Evaluate -23 - (-185 + 91 + 125).
-54
What is 111 + (-14 - -25) + -13 + 0 + 8 + 3?
120
(56 - 60) + (2 - 5) + (18 - 34) + -16
-39
Evaluate 19 - (54 - (-13 - (-26 - -15))).
-37
What is (-58 - (-47 - (-34 + 10))) + 8?
-27
Evaluate (94 + -53 + 14 - 57) + (-1 - -64).
61
Calculate (-11 - 5 - -18 - -8) + -41.
-31
What is -9 - (-6 - 17) - (-212 + 122)?
104
Calculate 52 + 10 + 34 + -26 + -21 + 3.
52
Calculate 32 + -21 + -19 - ((-12 - -1) + 1 + -3).
5
What is the value of -2 + 2 + -3 + 9 + 9 - (23 + -9)?
1
What is the value of (0 - 88) + -502 + 606?
16
(-81 - -57) + 6 + 1 + 23 - (-4 - -1)
9
-4 + 2 + 0 - -4 - (-10935 + 10897)
40
What is (23 - 17 - 10) + -11 + (9 - 4 - -115)?
105
Calculate (34 - (2 + 0)) + (127 - 148).
11
What is -34 - (-186 - -79) - 113?
-40
What is -12 + (73 - (113 + -22))?
-30
What is 14 + (21 - (12 - -16 - 29))?
36
What is the value of (5 - -15) + (-35 - 4)?
-19
30 - (40 - (-54 - -59))
-5
What is the value of 11 + 153 - (-396 + 490)?
70
What is the value of 34 - (6 - 30) - (-5 + 0 + -6 + 13)?
56
What is the value of -14 + 48 + 7 + -32 + -69?
-60
What is 85 + -121 - (-180 - -222)?
-78
What is (-303 - -341) + -9 + -6 + 39?
62
What is the value of (50 + -40 - 24) + (37 - -2)?
25
71 - (88 - 31) - (2 - -80) - -3
-65
Calculate 36 + 4 + 152 + -171.
21
What is the value of 1 - ((34 - 22 - 22) + (3 + 55 - -3))?
-50
What is -3 - ((-23 - -78) + -8 + -12)?
-38
(-20 - -6) + (220 - 238)
-32
Evaluate 9 + (3 - (19 + -99 + 27)).
65
What is -2 + (-30 - (-12 + 15))?
-35
Evaluate 62 + (4 - 31) + 9 + -27.
17
What is (3 + -1 + 8 - (-90 - -111)) + -6?
-17
What is (-70 - -1) + (-6632 - -6720)?
19
What is the value of 48 + 0 - (19 - (-15 + -19 + 78 + -29))?
44
Evaluate 27 - (40 + 31) - -69.
25
What is the value of -14 - ((5 - -5 - (9 - (-2 + 1))) + 8)?
-22
What is the value of (-1 - -6 - -4) + (65 + -7 - 13) + 13?
67
Calculate (18 - (24 + -9)) + 15 + -10 + -3.
5
(-105 - -43) + 53 + 76
67
-83 + (7267 - 7268 - (0 - (1 + -19)))
-102
Evaluate -4 + -8 + 11 + -4 + 88 + -51.
32
-56 + (-3 + 4 - 5) - (-43 + (-15 - -62))
-64
What is 77 + -94 + 12 + 11 + 67?
73
18 + -16 + 9 + -16 + -4
-9
Evaluate (-9292 - -9309) + (0 - 15).
2
((-18 - -9) + (1 - 1) - (0 - 1)) + 14
6
Calculate (38 - 25) + -43 + 40.
10
Evaluate (112 - 87 - -9) + -13.
21
Evaluate 6 - (26 + (5 + 7 - 22)) - (-64 + -1).
55
What is 8 - 2 - (-7 - -3) - (-5 - (-42 - 0))?
-27
Calculate -8 + 8 + 2 - (3 - (21 - (9 + -16))).
27
-73 - (-11 + 4 + -28)
-38
Calculate -4 - (4 + (0 - -2 - 2) + 6824 + -6820).
-12
What is (-127 - -158) + (3 - (-6 + 12 + -2 - 4))?
34
What is -22 - (-29 - (-22 + 38))?
23
(-777 - -730) + 22 + -1
-26
What is 1 + 48 + -40595 + 40484?
-62
Calculate -142 + 35 + 102 + -2 + (115 - -3).
111
Evaluate 20 - (-7 + (0 - -19)) - -21.
29
Calculate 7719 + -7687 - ((-2 - -4) + -5 - (14 - 1)).
48
What is (-6 - (-7 - 3)) + 434 + -486?
-48
Evaluate 14 + -5 + -39 + (17 - (1 - -3)).
-17
Evaluate 1 + -7 + 10 + -9 + 11 - (-91 - 4).
101
What is the value of (-6 - (-3 - -24)) + (-20 - -3)?
-44
What is -35 + -10 + (13 + -25 - -12)?
-45
(23 - (6 + (-1 - 9))) + 4 + -4
27
Calculate -53 + 7 + (26 - (-6 - -19)).
-33
What is the value of 21 + 47 + -1 + 14?
81
(141 - (-62 - -218)) + 1 + 19
5
What is 28 + -5 + (-13 - 0) + -38 + 52?
24
What is -120 + (226 - -92) + -114?
84
Calculate (-4 - (-1 - -1) - (180 - 163 - 32)) + 80.
91
What is 2 + (18 - 11 - -5) + 15?
29
Calculate 129 + -333 + 115 + -1 + -46.
-136
Calculate -36 + (13 - -17) - 0.
-6
5 + -76 + -11 - (-6 - 1)
-75
-1 + 0 + (-194 + 195 - (0 - 1)) - -1
2
What is the value of 6 + 2 - 1 - (83 - 86) - (23 - 58)?
45
0 + -65 + (-3089 - -3234)
80
Calculate 1 + 5 + 28 + -24 + (5 - -1).
16
Calculate 12 - (0 + 14 + (-61 - -52)) - -32.
39
Evaluate -242 + 60 + 57 + 26.
-99
Calculate 20 + -21 + (0 - 43) + -7 + 12.
-39
What is (369 - 326) + (-19 - -1)?
25
What is the value of (-3 + 13 - (-2 + 16 + -8)) + (3 - -6)?
13
Evaluate -10 + 0 + 25 + -43 + 36 + -3 + -2.
3
What is (-1 - 12) + -519 + 518 + 1 + (2 - 40)?
-51
16 - -11 - (15 - -20) - 32
-40
What is -2 + 159 - ((-3 - (-32 + 11)) + -6 - -4)?
141
(-34 - -67 - 47) + 33
19
Evaluate -12 + (11 + -30 - -38) + -6 - (2 + 2).
-3
Calculate 65 + 42 + -47 + -35.
25
What is the value of -39 + -31 + 30 + 4 + -2?
-38
What is 1172 + -1180 - (-2 - (20 + (5 - 5)))?
14
What is -92 + -74 + (94 - -16)?
-56
What is the value of (-5 - (-7 + 14)) + 28 - 7 - (3 + 42)?
-36
Calculate (11 - 19) + -9 - (-8 - -95).
-104
Evaluate -742 - -691 - (7 - 18).
-40
What is the value of -7 + -15 + (-5 - (-41 + -13))?
27
What is (-59 - (-48 - -15)) + 8 + 3?
-15
Evaluate -93 + 2 + 704 + -709 + -3 + -4.
-103
46 - (-9 + -13 - -52) - (-37 - 0)
53
2 + (-36 - -13) + (-4 + 5 - -3)
-17
What is the value of 1 + (0 - 71 - ((-36 - -5) + (-10 - -33)))?
-62
What is (-57 + 4 - (-10 + 5 - 7)) + 11?
-30
What is 2 + -23 - (-49 + 59 + -22)?
-9
(-47 - -9) + 17 - (-55 + -3 - -14)
23
What is (0 - -5) + (-22 - (-32 - -19)) + -37?
-41
(-59 + 107 - 96) + 96
48
What is 89 - (-8 + (30 + -4 + -11 - (6 - -1)))?
89
What is 130 + -109 + (6 - 37) - (-23 - -6)?
7
What is the value of -4 + (4 - -4) - (-25 + 42 + -31 + 26)?
-8
(228 - 230) + -3 + 52 + 4
51
69 - (36 - -49 - 62)
46
What is the value of -17 + (-6 - (10 + -6 + -17 + 21))?
-31
-105 - (-48 - ((-18 - -12) + -11))
-74
What is the value of (-4 - (1 + (-4 - 49))) + 82 + -57 + -27?
46
What is the value of -36 - (11 + -31 - -32 - -9)?
-57
Evaluate 54 + 26 + -33 + (30 - 26).
51
What is the value of (66 - (-2 + 1)) + 7 + -6 + -7?
61
89 + -48 + -64 - (3 - 0)
-26
What is (6 - 33 - -19) + (-50 - (-2 + -2))?
-54
What is the value of -62 - (-10 + 2 + 7 + -21 + 18 + 17)?
-75
Evaluate (43 - (36 + -82 + -19)) + 26.
134
Calculate (1 + -12 - -19 - 7) + (7 - 2 - -133).
139
Calculate 13 - (8 + 8 + -2) - (-23 + 12 - -92).
-82
Calculate 68 - (73 + -66 + -13).
74
Calculate (35 - 22) + 34 + -87.
-40
What is -12 - (33 - 37) - -19?
11
Calculate (-54 + 92 - 79) + 54.
13
What is the value of (-1 - 27) + 1701 + -1635 + -18?
20
Calculate 29 + 7 + (-24 - -66 - 33).
45
What is (116 - -62 - 73) + 3?
108
What is -77 + 31 + (-61 - -101)?
-6
Calculate 41 + (-18 + (8 - -32) - 10).
53
-2 + 10 + -4 + -5 - (-8 + (-1 - -8))
0
Calculate -2 - (35 + -47 + -3 + 37).
-24
What is the value of (110 - 141 - -36) + (-112 - (2 + -2 - 2))?
-105
Calculate 1 + 12 - (-6 - (25 + -19 - 0)).
25
What is